 of 932230 and 939614.
1846
Calculate the greatest common divisor of 16801656 and 1611.
537
Calculate the greatest common factor of 543 and 38037693.
543
Calculate the greatest common factor of 4492 and 260924558.
2246
What is the highest common divisor of 1661008284 and 39?
39
What is the greatest common factor of 2779 and 55489?
7
What is the highest common factor of 1464 and 57437112?
1464
What is the highest common divisor of 37 and 128118827?
37
What is the greatest common divisor of 2766427 and 6375?
17
Calculate the highest common factor of 3288 and 78480.
24
What is the greatest common factor of 4382 and 72730?
14
Calculate the greatest common divisor of 631636 and 28.
4
What is the greatest common divisor of 537401364 and 12?
12
What is the greatest common factor of 45756 and 886817?
31
What is the highest common factor of 40767 and 87312?
321
Calculate the greatest common factor of 129 and 199907.
43
Calculate the greatest common factor of 205801 and 31571.
131
What is the greatest common divisor of 30 and 3567350?
10
Calculate the greatest common divisor of 1319283 and 349461.
2709
What is the greatest common divisor of 1137 and 94754927?
379
What is the greatest common divisor of 334611 and 137?
1
Calculate the highest common factor of 2262 and 290924868.
2262
What is the greatest common divisor of 3535 and 228899835?
505
Calculate the greatest common factor of 68765 and 5083.
17
Calculate the highest common divisor of 512 and 3076216.
8
What is the greatest common divisor of 155109 and 2585001?
447
What is the highest common divisor of 974 and 13193317?
487
Calculate the greatest common factor of 19810 and 120084258.
3962
What is the highest common divisor of 39402 and 134442?
198
Calculate the highest common divisor of 46323810 and 2466.
2466
Calculate the highest common factor of 103770678 and 66.
66
Calculate the highest common divisor of 80 and 2788270.
10
What is the greatest common divisor of 459316 and 2884376?
3212
Calculate the greatest common divisor of 1306523 and 31143.
1483
What is the highest common factor of 183194 and 13688074?
1514
What is the greatest common factor of 607012 and 21546?
266
What is the greatest common factor of 11440055 and 165?
55
What is the highest common factor of 45140733 and 261?
261
Calculate the greatest common factor of 1350 and 6379830.
270
What is the greatest common divisor of 261616102 and 22?
22
Calculate the greatest common divisor of 7502900 and 4400.
100
Calculate the highest common factor of 112796 and 696988.
652
Calculate the greatest common divisor of 112008 and 123942.
78
What is the highest common factor of 18504960 and 3050?
610
What is the greatest common factor of 29011 and 3617715?
433
What is the highest common divisor of 7052049 and 72225?
2889
What is the greatest common divisor of 12400 and 388800?
400
Calculate the highest common divisor of 1039699 and 7296.
19
What is the greatest common factor of 971 and 2958223354?
971
Calculate the highest common factor of 1650197 and 1028.
257
Calculate the highest common factor of 1216 and 994080.
608
Calculate the highest common factor of 175 and 43201333.
7
Calculate the highest common divisor of 19 and 164516459.
19
Calculate the greatest common factor of 3630789 and 5168610.
6381
What is the greatest common factor of 590 and 3469023?
59
Calculate the highest common divisor of 366365 and 43475.
235
Calculate the highest common divisor of 642413680 and 355.
355
Calculate the greatest common factor of 10820187 and 2583.
2583
What is the highest common divisor of 39475763 and 43?
43
What is the greatest common factor of 1577865 and 11655?
555
What is the highest common divisor of 406 and 470126076?
406
What is the highest common divisor of 75 and 353717925?
75
What is the highest common factor of 3786 and 822?
6
What is the highest common divisor of 3214352 and 17801?
2543
Calculate the highest common factor of 2397 and 693447.
51
Calculate the highest common factor of 1914 and 3268386.
66
What is the highest common divisor of 3532068 and 9216?
36
What is the greatest common factor of 3525807 and 1866?
933
What is the greatest common divisor of 144882248 and 224?
56
Calculate the greatest common divisor of 2382800 and 7280.
560
What is the greatest common factor of 1107 and 1380798?
369
What is the greatest common divisor of 4530 and 1267985?
5
Calculate the highest common divisor of 226300 and 10400.
100
What is the highest common factor of 481057 and 2737765?
1039
What is the highest common divisor of 24324 and 12636?
12
What is the greatest common divisor of 5 and 19641905?
5
What is the highest common divisor of 266 and 10047333?
19
Calculate the highest common factor of 16450 and 45301655.
1645
Calculate the greatest common factor of 233 and 79259377.
233
What is the highest common factor of 9123598 and 66?
22
Calculate the greatest common factor of 63433018 and 6358.
374
What is the greatest common factor of 5610 and 1606330?
1870
What is the highest common divisor of 316705 and 921985?
485
What is the highest common divisor of 13732569 and 1234?
617
What is the highest common divisor of 972 and 28012?
4
Calculate the highest common divisor of 716535456 and 96.
96
What is the greatest common factor of 380184 and 352296?
168
What is the highest common divisor of 13284 and 105044364?
324
What is the highest common factor of 548575948 and 411?
137
Calculate the highest common divisor of 23158048 and 3205.
641
What is the highest common divisor of 1809049 and 4147?
319
What is the greatest common factor of 15804 and 197928?
36
Calculate the greatest common divisor of 4643 and 262204139.
4643
What is the highest common divisor of 369237 and 26359113?
5511
Calculate the greatest common factor of 1510 and 36576730.
1510
What is the greatest common factor of 537578 and 10?
2
What is the greatest common divisor of 99482021 and 127?
127
Calculate the greatest common factor of 85 and 40881549.
17
What is the greatest common divisor of 345 and 16356657?
69
What is the highest common divisor of 96373320 and 172?
172
What is the highest common divisor of 752 and 267853?
47
What is the greatest common divisor of 56588060 and 20?
20
What is the greatest common factor of 269338313 and 257?
257
What is the greatest common factor of 90 and 335456640?
90
Calculate the highest common divisor of 37 and 4966430154.
37
What is the greatest common divisor of 247572 and 101292?
276
Calculate the greatest common divisor of 5601748 and 328.
164
Calculate the highest common factor of 3464890 and 7150.
1430
Calculate the greatest common divisor of 2836026 and 51678.
1566
What is the greatest common factor of 10731 and 3228279?
219
Calculate the highest common factor of 4831100 and 200.
100
Calculate the greatest common factor of 228 and 23196.
12
Calculate the highest common divisor of 44 and 240502372.
44
What is the greatest common divisor of 385 and 14494260?
55
Calculate the greatest common divisor of 12380 and 1201479.
619
Calculate the greatest common factor of 110 and 1152480560.
110
Calculate the greatest common divisor of 22 and 1146673.
11
What is the greatest common divisor of 394 and 24671295?
197
What is the greatest common divisor of 10216 and 336716806?
2554
Calculate the highest common divisor of 70116488 and 5590.
1118
Calculate the highest common divisor of 131442895 and 10.
5
Calculate the highest common divisor of 192341842 and 154.
154
What is the greatest common divisor of 1468452 and 7584?
948
Calculate the highest common divisor of 420 and 8119860.
420
Calculate the greatest common factor of 111677 and 8532493.
617
Calculate the greatest common factor of 780 and 97500585.
195
Calculate the highest common divisor of 406221 and 10622.
47
What is the highest common factor of 126 and 529416072?
18
Calculate the greatest common divisor of 645392220 and 3630.
3630
What is the highest common factor of 153887010 and 6550?
1310
Calculate the highest common divisor of 8679017 and 2796.
233
What is the highest common divisor of 203 and 80261657?
7
What is the highest common factor of 175 and 98235025?
175
What is the highest common factor of 4278552 and 115368?
552
Calculate the greatest common divisor of 101864 and 215152.
952
What